 22*t - 12. Let h be l(5). Calculate the highest common divisor of h and 24.
6
Suppose 0 = 5*g + 4*t - 319, t - 79 - 48 = -2*g. What is the highest common factor of g and 56?
7
Let z be (-174)/(-9)*(-9)/(-2). Let d(p) = 21*p + 16. Let i be d(2). Calculate the highest common factor of i and z.
29
Let b(s) = -3*s + 19. Let t be b(-6). Suppose 1029 = -3*k + 180. Let x = 13 - k. Calculate the greatest common divisor of x and t.
37
Let q(r) = -r**3 - 7*r**2 - 9*r - 6. Let y be q(-7). Let g = 23 - y. Let z = g - -47. Calculate the greatest common divisor of 143 and z.
13
Suppose 4*a = 5*b + 392, 2*a + 115 = b + 305. Let p = -1235 + 1734. Suppose 127 - p = -6*k. Calculate the highest common divisor of a and k.
31
Suppose -j - a = -150, j + 9*a - 162 = 5*a. What is the highest common factor of 73 and j?
73
Let i(p) = 6*p**2 - 65*p - 25. Let y be i(13). What is the greatest common factor of y and 9?
9
Suppose 2*x - 278 = -2*q, 4*x - 2*q - 553 = -5*q. Calculate the highest common factor of 34 and x.
34
Suppose 4*y - y + 4*n = -66, 2*y + 39 = -n. Suppose -3*i + 5*i + 5*s = 7, -3*i = -5*s + 27. Let m = i - y. Calculate the highest common divisor of m and 2.
2
Suppose -5*u = -u - 3*h - 83, 5*u = -2*h + 98. Suppose 0 = 5*g + 3 - 18. Let l be (30/u)/(g/2). What is the greatest common divisor of 9 and l?
1
Let t = -34 - -54. Let c = -59 - -63. What is the greatest common factor of c and t?
4
Suppose -500 = 4*g - 9*g. Suppose 6*p + u - g = p, 2*p - u = 47. Let q = p + -14. What is the highest common factor of q and 63?
7
Suppose -5*t - 12 = -2, -w + 2*t + 34 = 0. Calculate the greatest common divisor of 750 and w.
30
Let x(g) = g**2 + 15*g + 14. Let f be x(-15). Let s be 219/7 + (-4)/f. What is the greatest common divisor of s and 155?
31
Let a = 11 + -6. Suppose 4*o + a*b = 620, 2*o - 3*b = 4*o - 308. Suppose -80 = -i + k, -o = 2*i - 4*i - k. What is the highest common divisor of i and 10?
10
Suppose 0 = -30*d + 49*d - 209. What is the greatest common factor of d and 11?
11
Suppose -59*g + 46*g = -1053. Calculate the highest common divisor of g and 24.
3
Suppose 0 = 4*u - 11 - 5. Suppose u*w - 13 - 7 = 0. Suppose w*g - 43 = 32. What is the highest common divisor of 120 and g?
15
Let x be ((-123)/205)/(((-4)/(-10))/(-2)). What is the highest common divisor of x and 6?
3
Let n be -1*(-2 - -27)/(-5). Suppose -2*w = n*h - h - 26, 0 = -5*w - 2*h + 73. What is the highest common divisor of 120 and w?
15
Let o be 190 + -197 - (-27 - 0). Suppose -2*p + 9 = -1, -p = 4*y - 205. Calculate the greatest common divisor of y and o.
10
Let n(i) = 2*i**2 + 7*i - 19. Let m be n(-7). Suppose 0 = 4*j - 8*j + 260. Suppose -j = -3*q + 70. What is the greatest common factor of m and q?
15
Let q be 146/9 + (-2)/9. Let t(z) = 2*z + 24. Let x be t(4). Let i = x + 0. What is the highest common divisor of q and i?
16
Let j be (-2)/(-5) + 958/5. Suppose 13*f = -t + 18*f + 24, -5*f + 24 = t. What is the greatest common factor of t and j?
24
Suppose -3*f = -3*k + 4*k - 24, 2*k - 3*f = 12. Suppose b = 3*c - 135, b - k = -3*b. Calculate the highest common factor of 115 and c.
23
Let p be -19*49/(-42) + (-2)/12. Calculate the greatest common divisor of p and 70.
2
Let y(f) = -f**2 + 11*f - 7. Let o be y(4). Let a(u) = 21*u + 21. Let w be a(o). What is the highest common factor of 42 and w?
42
Suppose 2495 + 3430 = 79*a. What is the greatest common divisor of a and 315?
15
Let s(w) = -w**3 - 12*w**2 - 14*w - 53. Let b be s(-12). What is the greatest common divisor of 115 and b?
115
Suppose -r = 576 - 654. Calculate the highest common divisor of 156 and r.
78
Let j(a) = a**2 + 2*a + 2. Let v be j(6). Let h(x) = -3*x + 16. Let q be h(-3). Calculate the highest common divisor of v and q.
25
Let q(k) = -k**2 + k - 14. Let x(i) = i**2 - i + 1. Let d(c) = q(c) + 2*x(c). Let g be d(6). What is the highest common divisor of g and 6?
6
Suppose 18 = 2*j - 39*y + 36*y, 5*y - 2 = -2*j. What is the highest common factor of j and 267?
3
Suppose -3*y = 5*z + 30, 3*z + 1 + 17 = -4*y. Let j be -8 - -5 - (z + 2). Let c be j - (-6 + -1 + -4). What is the greatest common divisor of 132 and c?
12
Suppose -h = -2*h + 12. Suppose -2*u = 2*i - h, 0 = -6*u + u + 3*i + 6. Let n = -29 + 44. What is the greatest common divisor of n and u?
3
Let y be 78 + -16 + (-1 - -11). Calculate the highest common factor of y and 96.
24
Suppose 1997 = 13*f + 333. What is the greatest common divisor of 48 and f?
16
Let h = 52 + -14. Suppose 40*c - 10 = h*c. What is the greatest common divisor of c and 1?
1
Suppose -7*x = -23 - 677. Calculate the greatest common divisor of x and 220.
20
Let x(f) = -f**2 + 30*f - 1. Let t be x(28). Suppose 6*s - 2*s - 12 = 0. Suppose 0 = s*w, 5*b + 3*w = 5*w + 55. What is the greatest common factor of b and t?
11
Let x = 148 - 269. Let o = -22 - x. Calculate the highest common factor of o and 11.
11
Let s(x) = -x. Let q(k) = -9*k + 21. Let m(b) = -q(b) + s(b). Let t be m(7). Calculate the greatest common divisor of 14 and t.
7
Suppose 31*a - 7*a - 288 = 0. What is the highest common factor of a and 27?
3
Let z be (-12)/60 - 4/5. Let m(o) = -4*o**3 + 2*o**2 + 2*o + 1. Let s be m(-1). Let x = s - z. What is the greatest common divisor of 9 and x?
3
Suppose -2*h + 0 = 30. Let u = h - -99. What is the highest common divisor of 12 and u?
12
Let r(g) = 4*g**3 + 4*g**2 + 22*g - 20. Let f be r(8). Calculate the highest common factor of f and 20.
20
Let j(b) = -4*b**3 - 11*b**2 - 6*b + 11. Let t be j(-5). Let k(x) = -9*x - 7. Let y be k(-5). What is the highest common divisor of t and y?
38
Let r(k) = 12*k**2 - 5*k + 9. Let t be (-1)/(-2)*-4 + 5. Let g be r(t). Calculate the highest common divisor of 6 and g.
6
Suppose f = 0, 5*o + f - 57 - 28 = 0. What is the greatest common divisor of o and 17?
17
Let m(t) = 5*t**2 + 13*t + 138. Let k be m(-8). Calculate the greatest common divisor of k and 59.
59
Suppose 2*m - 4 = m + 4*u, 0 = 4*m + u - 101. Calculate the greatest common factor of 84 and m.
12
Suppose b + 1 = 2*w, w - 4*b + 17 + 0 = 0. Suppose 320 = w*m + 2*m. Calculate the greatest common divisor of m and 8.
8
Let t be 177/6 + (-2)/(-4). Suppose 2722 = 139*y - 1448. What is the highest common factor of y and t?
30
Suppose 108 = 29233*v - 29227*v. Suppose -4*k + 30 = -330. Calculate the greatest common factor of k and v.
18
Let z = 39 + -34. Suppose -p + 4*k + 0 = 3, 0 = 5*p - z*k - 15. Calculate the greatest common factor of p and 2.
1
Let j be (2100/(-63))/((-2)/3). What is the greatest common factor of 80 and j?
10
Let i be ((-192)/(-40))/((-2)/(-15)). Suppose -5*x + 104 + 135 = -h, x - 2*h - 46 = 0. Calculate the highest common divisor of i and x.
12
Let v = 46 - 49. Let p be -5*(v - (2 - -1)). Calculate the greatest common factor of p and 45.
15
Let i(h) = 4*h. Let o(p) = -p + 12. Let u be o(0). Let l be i(u). Let b be ((-18)/(-4))/((-6)/(-16)). What is the highest common divisor of l and b?
12
Suppose -2*m = 11*m - 559. What is the greatest common factor of m and 172?
43
Let u(k) be the third derivative of -19*k**4/24 - k**3/2 - 4*k**2. Let j be u(-3). Let r be 365/20 + (-3)/12. Calculate the highest common factor of j and r.
18
Suppose 4*u - 5*s = 1103, -6*u + 2*u + 3*s + 1097 = 0. Calculate the highest common factor of 170 and u.
34
Suppose -7*a = -2*a - 75. Let x(y) = y**2 - 5*y - 3. Let f be x(5). Let z be f/((-9)/6) + 73. What is the greatest common factor of z and a?
15
Suppose -30 = 11*i - 63. What is the highest common factor of 1 and i?
1
Suppose -4*j + 50 = -6*j. Let d be 3 - (j - (3 + -4)). Calculate the highest common factor of d and 9.
9
Suppose 4*p - 6*p + 2 = 0. Suppose -2*t + 0 - 29 = -5*o, -o + p = -2*t. Let x = -4837 - -4886. Calculate the highest common factor of x and o.
7
Let f(p) = -7*p + 1. Let v be f(-2). Let n(z) = -z**3 + z**2 - 4*z. Let m be n(3). Let h be (-1 - 2 - -2)*m. Calculate the greatest common factor of h and v.
15
Suppose -l - 5*h = -4*l + 688, -1157 = -5*l - 2*h. Suppose -27*u = -24*u - l. Calculate the greatest common divisor of u and 11.
11
Let j(f) = 14*f**2 + 33*f + 70. Let k be j(-2). Suppose 5*m - 26 - 5 = -c, 0 = -c + 4*m + 40. What is the highest common factor of c and k?
12
Let b be 4/(-7) + (-162)/(-63) + 140. What is the greatest common divisor of 71 